{"id":41,"date":"2021-10-20T23:46:46","date_gmt":"2021-10-21T04:46:46","guid":{"rendered":"https:\/\/multimediaytransmedia.uniandes.edu.co\/valeria-tafurt\/?page_id=41"},"modified":"2021-12-11T23:40:16","modified_gmt":"2021-12-12T04:40:16","slug":"el-paisaje-de-la-mercancia","status":"publish","type":"page","link":"https:\/\/multimediaytransmedia.uniandes.edu.co\/valeria-tafurt\/el-paisaje-de-la-mercancia\/","title":{"rendered":"Consolidaci\u00f3n del paisaje"},"content":{"rendered":"\n<link href=\"https:\/\/cdn.knightlab.com\/libs\/soundcite\/latest\/css\/player.css\" rel=\"stylesheet\" type=\"text\/css\"><script type=\"text\/javascript\" src=\"https:\/\/cdn.knightlab.com\/libs\/soundcite\/latest\/js\/soundcite.min.js\"><\/script>\n\n\n\n<p class=\"has-extra-large-font-size\"><strong>Producci\u00f3n cafetera en Colombia<\/strong><\/p>\n\n\n\n<p class=\"has-small-font-size\">Seg\u00fan Guhl (2008a) la producci\u00f3n cafetera en Colombia y la consolidaci\u00f3n del actual paisaje cafetero se divide en dos periodos. El primer periodo comprende los a\u00f1os de 1850 a 1970, mientras que el segundo periodo inicia en 1970 y finaliza en 2002.<\/p>\n\n\n\n<iframe loading=\"lazy\" src=\"https:\/\/cdn.knightlab.com\/libs\/timeline3\/latest\/embed\/index.html?source=1XuWeBsfmYwYEcnLu47-zFdBZ_tL95uUmjdlSri7WlUw&amp;font=Default&amp;lang=en&amp;initial_zoom=2&amp;height=650\" width=\"100%\" height=\"650\" webkitallowfullscreen=\"\" mozallowfullscreen=\"\" allowfullscreen=\"\" frameborder=\"0\"><\/iframe>\n\n\n\n<div class=\"wp-block-columns is-layout-flex wp-container-core-columns-is-layout-9d6595d7 wp-block-columns-is-layout-flex\">\n<div class=\"wp-block-column is-layout-flow wp-block-column-is-layout-flow\">\n<p><\/p>\n<\/div>\n<\/div>\n\n\n\n<div style=\"height:100px\" aria-hidden=\"true\" class=\"wp-block-spacer\"><\/div>\n\n\n\n<iframe loading=\"lazy\" src=\"https:\/\/cdn.knightlab.com\/libs\/timeline3\/latest\/embed\/index.html?source=17U83q5ZGxinFV0pYB7lqqHT5Mc_jIPTB4mbHx9UbVfg&amp;font=Default&amp;lang=en&amp;initial_zoom=2&amp;height=650\" width=\"100%\" height=\"650\" webkitallowfullscreen=\"\" mozallowfullscreen=\"\" allowfullscreen=\"\" frameborder=\"0\"><\/iframe>\n\n\n\n<div class=\"wp-block-group\"><div class=\"wp-block-group__inner-container is-layout-flow wp-block-group-is-layout-flow\">\n<figure class=\"wp-block-image size-large is-resized\"><img loading=\"lazy\" decoding=\"async\" src=\"https:\/\/multimediaytransmedia.uniandes.edu.co\/valeria-tafurt\/wp-content\/uploads\/sites\/2\/2021\/11\/royataf-1024x683.jpg\" alt=\"\" class=\"wp-image-395\" width=\"610\" height=\"406\" srcset=\"https:\/\/multimediaytransmedia.uniandes.edu.co\/valeria-tafurt\/wp-content\/uploads\/sites\/2\/2021\/11\/royataf-1024x683.jpg 1024w, https:\/\/multimediaytransmedia.uniandes.edu.co\/valeria-tafurt\/wp-content\/uploads\/sites\/2\/2021\/11\/royataf-300x200.jpg 300w, https:\/\/multimediaytransmedia.uniandes.edu.co\/valeria-tafurt\/wp-content\/uploads\/sites\/2\/2021\/11\/royataf-768x512.jpg 768w, https:\/\/multimediaytransmedia.uniandes.edu.co\/valeria-tafurt\/wp-content\/uploads\/sites\/2\/2021\/11\/royataf-1536x1024.jpg 1536w, https:\/\/multimediaytransmedia.uniandes.edu.co\/valeria-tafurt\/wp-content\/uploads\/sites\/2\/2021\/11\/royataf-2048x1365.jpg 2048w, https:\/\/multimediaytransmedia.uniandes.edu.co\/valeria-tafurt\/wp-content\/uploads\/sites\/2\/2021\/11\/royataf-1568x1045.jpg 1568w\" sizes=\"auto, (max-width: 610px) 100vw, 610px\" \/><figcaption>Hoja con roya. (Tafurt, 2021).<\/figcaption><\/figure>\n<\/div><\/div>\n\n\n\n<p class=\"has-small-font-size\">La llegada de la roya represent\u00f3 un punto de quiebre en la transformaci\u00f3n del Paisaje Cafetero, pues es a partir de su llegada a Colombia que se intensifica la producci\u00f3n intensiva de caf\u00e9, debido a la presi\u00f3n ejercida por parte de la Federaci\u00f3n Nacional de Cafeteros a los peque\u00f1os productores y a los grandes hacendados, para que las exportaciones de este producto no decrecieran.<\/p>\n\n\n\n<p class=\"has-small-font-size\">La familia de Juliana Orteg\u00f3n, mujer de 46 a\u00f1os oriunda de Manizales, Caldas, fue propietaria de una peque\u00f1a finca en el municipio de Neira, Caldas.<\/p>\n\n\n\n<div class=\"wp-block-image\"><figure class=\"aligncenter size-full is-resized\"><img loading=\"lazy\" decoding=\"async\" src=\"https:\/\/multimediaytransmedia.uniandes.edu.co\/valeria-tafurt\/wp-content\/uploads\/sites\/2\/2021\/11\/Finca-alegri\u0301as-3-1.jpeg\" alt=\"\" class=\"wp-image-140\" width=\"376\" height=\"285\" srcset=\"https:\/\/multimediaytransmedia.uniandes.edu.co\/valeria-tafurt\/wp-content\/uploads\/sites\/2\/2021\/11\/Finca-alegri\u0301as-3-1.jpeg 671w, https:\/\/multimediaytransmedia.uniandes.edu.co\/valeria-tafurt\/wp-content\/uploads\/sites\/2\/2021\/11\/Finca-alegri\u0301as-3-1-300x228.jpeg 300w\" sizes=\"auto, (max-width: 376px) 100vw, 376px\" \/><figcaption>Finca Alegr\u00edas, 1990.<\/figcaption><\/figure><\/div>\n\n\n\n<div class=\"wp-block-columns is-layout-flex wp-container-core-columns-is-layout-9d6595d7 wp-block-columns-is-layout-flex\">\n<div class=\"wp-block-column is-layout-flow wp-block-column-is-layout-flow\">\n<span class=\"soundcite\" data-url=\"https:\/\/multimediaytransmedia.uniandes.edu.co\/valeria-tafurt\/wp-content\/uploads\/sites\/2\/2021\/11\/fincayroya.mp3\" data-start=\"0\" data-end=\"21000\" data-plays=\"1\">\u201cMi t\u00eda ten\u00eda una finca en la cual se cultivaba el caf\u00e9, hab\u00eda muchos palos de caf\u00e9. El caf\u00e9 principalmente y como medida alterna el cacao\u201d \nJuliana Orteg\u00f3n.<\/span>\n<\/div>\n<\/div>\n\n\n\n<p class=\"has-small-font-size\">Juliana recuerda la llegada de la roya al pa\u00eds, y basada en sus memorias relata la situaci\u00f3n que los campesinos tuvieron que enfrentar:<\/p>\n\n\n\n<div class=\"wp-block-columns is-style-twentytwentyone-columns-overlap is-layout-flex wp-container-core-columns-is-layout-9d6595d7 wp-block-columns-is-layout-flex\">\n<div class=\"wp-block-column is-layout-flow wp-block-column-is-layout-flow\">\n<span class=\"soundcite\" data-url=\"https:\/\/multimediaytransmedia.uniandes.edu.co\/valeria-tafurt\/wp-content\/uploads\/sites\/2\/2021\/11\/fincayroya-1.mp3\" data-start=\"24000\" data-end=\"62000\" data-plays=\"1\">\u201cRecuerdo que para todos los campesinos y las personas fue muy impactante, fue muy duro y dif\u00edcil para la econom\u00eda. En realidad, los campesinos y las personas cercanas se vieron muy afectados por la llegada de la roya porque, pues, su sustento y su entrada era a trav\u00e9s de la venta del caf\u00e9, del cultivo del caf\u00e9\u201d Juliana Orteg\u00f3n.<\/span>\n<\/div>\n<\/div>\n\n\n\n<p class=\"has-small-font-size\">El impacto de la roya en Colombia se ha mantenido a lo largo de los a\u00f1os, pues ha estado presente en los dichos cotidianos de las personas de la regi\u00f3n:<\/p>\n\n\n\n<div class=\"wp-block-columns is-layout-flex wp-container-core-columns-is-layout-9d6595d7 wp-block-columns-is-layout-flex\">\n<div class=\"wp-block-column is-layout-flow wp-block-column-is-layout-flow\">\n&#8220;Cuando lleg\u00f3 la roya, incluso ahora es que lo entiendo, en Manizales hay un dicho que cuando a usted le pasan muchas cosas de manera coincidencial, cosas no tan afortunadas que se le va el marido o tiene muchos problemas se dice <span class=\"soundcite\" data-url=\"https:\/\/multimediaytransmedia.uniandes.edu.co\/valeria-tafurt\/wp-content\/uploads\/sites\/2\/2021\/11\/fincayroya-1.mp3\" data-start=\"83000\" data-end=\"89000\" data-plays=\"1\">\u201cpero a usted le cay\u00f3 la roya pues, que m\u00e1s le va a pasar\u201d<\/span> ese dicho era parte de mi paisaje, pero en realidad est\u00e1 relacionado con esa temporada tan dif\u00edcil que pas\u00f3&#8221;\nJuliana Orteg\u00f3n.\n<\/div>\n<\/div>\n\n\n\n<p class=\"has-small-font-size\">Sin embargo, la consolidaci\u00f3n del paisaje cafetero como &#8220;Paisaje Cultural Cafetero&#8221; se dio por razones de car\u00e1cter econ\u00f3mico, debido a la crisis cafetera de 1999. Conoce m\u00e1s en la secci\u00f3n &#8220;El paisaje como mercanc\u00eda&#8221;.<\/p>\n\n\n\n<div class=\"wp-block-columns is-layout-flex wp-container-core-columns-is-layout-9d6595d7 wp-block-columns-is-layout-flex\">\n<div class=\"wp-block-column is-layout-flow wp-block-column-is-layout-flow\">\n<div class=\"wp-block-buttons is-content-justification-center is-layout-flex wp-block-buttons-is-layout-flex\">\n<div class=\"wp-block-button\"><a class=\"wp-block-button__link\" href=\"https:\/\/multimediaytransmedia.uniandes.edu.co\/valeria-tafurt\/el-paisaje-como-mercancia\/\">El paisaje como mercanc\u00eda<\/a><\/div>\n<\/div>\n<\/div>\n<\/div>\n\n\n\n<div class=\"wp-block-columns is-layout-flex wp-container-core-columns-is-layout-9d6595d7 wp-block-columns-is-layout-flex\">\n<div class=\"wp-block-column is-layout-flow wp-block-column-is-layout-flow\"><\/div>\n<\/div>\n\n\n\n<p><\/p>\n","protected":false},"excerpt":{"rendered":"<p>Producci\u00f3n cafetera en Colombia Seg\u00fan Guhl (2008a) la producci\u00f3n cafetera en Colombia y la consolidaci\u00f3n del actual paisaje cafetero se divide en dos periodos. El&#8230;<\/p>\n<div class=\"more-link-wrapper\"><a class=\"more-link\" href=\"https:\/\/multimediaytransmedia.uniandes.edu.co\/valeria-tafurt\/el-paisaje-de-la-mercancia\/\">Seguir leyendo<span class=\"screen-reader-text\">Consolidaci\u00f3n del paisaje<\/span><\/a><\/div>\n","protected":false},"author":2,"featured_media":0,"parent":0,"menu_order":0,"comment_status":"closed","ping_status":"closed","template":"","meta":{"footnotes":""},"class_list":["post-41","page","type-page","status-publish","hentry","entry"],"_links":{"self":[{"href":"https:\/\/multimediaytransmedia.uniandes.edu.co\/valeria-tafurt\/wp-json\/wp\/v2\/pages\/41","targetHints":{"allow":["GET"]}}],"collection":[{"href":"https:\/\/multimediaytransmedia.uniandes.edu.co\/valeria-tafurt\/wp-json\/wp\/v2\/pages"}],"about":[{"href":"https:\/\/multimediaytransmedia.uniandes.edu.co\/valeria-tafurt\/wp-json\/wp\/v2\/types\/page"}],"author":[{"embeddable":true,"href":"https:\/\/multimediaytransmedia.uniandes.edu.co\/valeria-tafurt\/wp-json\/wp\/v2\/users\/2"}],"replies":[{"embeddable":true,"href":"https:\/\/multimediaytransmedia.uniandes.edu.co\/valeria-tafurt\/wp-json\/wp\/v2\/comments?post=41"}],"version-history":[{"count":97,"href":"https:\/\/multimediaytransmedia.uniandes.edu.co\/valeria-tafurt\/wp-json\/wp\/v2\/pages\/41\/revisions"}],"predecessor-version":[{"id":576,"href":"https:\/\/multimediaytransmedia.uniandes.edu.co\/valeria-tafurt\/wp-json\/wp\/v2\/pages\/41\/revisions\/576"}],"wp:attachment":[{"href":"https:\/\/multimediaytransmedia.uniandes.edu.co\/valeria-tafurt\/wp-json\/wp\/v2\/media?parent=41"}],"curies":[{"name":"wp","href":"https:\/\/api.w.org\/{rel}","templated":true}]}}