{"id":187,"date":"2021-11-29T16:21:06","date_gmt":"2021-11-29T21:21:06","guid":{"rendered":"https:\/\/multimediaytransmedia.uniandes.edu.co\/valeria-pina\/?page_id=187"},"modified":"2021-11-30T12:02:05","modified_gmt":"2021-11-30T17:02:05","slug":"dia-6-como-afecta-la-ansiedad-a-los-jovenes-del-siglo-xx","status":"publish","type":"page","link":"https:\/\/multimediaytransmedia.uniandes.edu.co\/valeria-pina\/dia-6-como-afecta-la-ansiedad-a-los-jovenes-del-siglo-xx\/","title":{"rendered":"D\u00eda 6: \u00bfC\u00f3mo afecta la ansiedad a los j\u00f3venes del siglo XXI?"},"content":{"rendered":"\n<p class=\"has-text-align-center\">Pero&#8230; \u00bfpor qu\u00e9 me enfoqu\u00e9 en los j\u00f3venes del siglo XXI? Siento que despu\u00e9s de todo lo que hemos aprendido juntos todos estos d\u00edas he notado que todas estas vivencias las compartimos muchas personas contempor\u00e1neas. Para concluir temporalmente este diario, quiero dejarles con la \u00faltima infograf\u00eda, que muestra un poco a trav\u00e9s de datos de estudios, como la ansiedad en los j\u00f3venes se est\u00e1 haciendo m\u00e1s com\u00fan. Adem\u00e1s, les ofrezco ver un video corto donde habla un experto del tema y dejar una de las preguntas que si hicieron en el estudio para conocer su punto de vista tambi\u00e9n. <\/p>\n\n\n\n<div class=\"wp-block-columns is-layout-flex wp-container-core-columns-is-layout-9d6595d7 wp-block-columns-is-layout-flex\">\n<div class=\"wp-block-column is-layout-flow wp-block-column-is-layout-flow\">\n<iframe loading=\"lazy\" width=\"960\" height=\"672.0423467137186\" data-original-width=\"2267\" data-original-height=\"1587\" src=\"https:\/\/www.thinglink.com\/card\/1522273175818207234\" type=\"text\/html\" frameborder=\"0\" webkitallowfullscreen=\"\" mozallowfullscreen=\"\" allowfullscreen=\"\" scrolling=\"no\"><\/iframe><script async=\"\" src=\"\/\/cdn.thinglink.me\/jse\/responsive.js\"><\/script>\n<\/div>\n<\/div>\n","protected":false},"excerpt":{"rendered":"<p>Pero&#8230; \u00bfpor qu\u00e9 me enfoqu\u00e9 en los j\u00f3venes del siglo XXI? Siento que despu\u00e9s de todo lo que hemos aprendido juntos todos estos d\u00edas he notado que todas estas vivencias las compartimos muchas personas contempor\u00e1neas. Para concluir temporalmente este diario, quiero dejarles con la \u00faltima infograf\u00eda, que muestra un poco a trav\u00e9s de datos de&hellip; <a class=\"more-link\" href=\"https:\/\/multimediaytransmedia.uniandes.edu.co\/valeria-pina\/dia-6-como-afecta-la-ansiedad-a-los-jovenes-del-siglo-xx\/\">Seguir leyendo <span class=\"screen-reader-text\">D\u00eda 6: \u00bfC\u00f3mo afecta la ansiedad a los j\u00f3venes del siglo XXI?<\/span><\/a><\/p>\n","protected":false},"author":3,"featured_media":0,"parent":0,"menu_order":0,"comment_status":"open","ping_status":"closed","template":"","meta":{"footnotes":""},"class_list":["post-187","page","type-page","status-publish","hentry","entry"],"_links":{"self":[{"href":"https:\/\/multimediaytransmedia.uniandes.edu.co\/valeria-pina\/wp-json\/wp\/v2\/pages\/187","targetHints":{"allow":["GET"]}}],"collection":[{"href":"https:\/\/multimediaytransmedia.uniandes.edu.co\/valeria-pina\/wp-json\/wp\/v2\/pages"}],"about":[{"href":"https:\/\/multimediaytransmedia.uniandes.edu.co\/valeria-pina\/wp-json\/wp\/v2\/types\/page"}],"author":[{"embeddable":true,"href":"https:\/\/multimediaytransmedia.uniandes.edu.co\/valeria-pina\/wp-json\/wp\/v2\/users\/3"}],"replies":[{"embeddable":true,"href":"https:\/\/multimediaytransmedia.uniandes.edu.co\/valeria-pina\/wp-json\/wp\/v2\/comments?post=187"}],"version-history":[{"count":4,"href":"https:\/\/multimediaytransmedia.uniandes.edu.co\/valeria-pina\/wp-json\/wp\/v2\/pages\/187\/revisions"}],"predecessor-version":[{"id":207,"href":"https:\/\/multimediaytransmedia.uniandes.edu.co\/valeria-pina\/wp-json\/wp\/v2\/pages\/187\/revisions\/207"}],"wp:attachment":[{"href":"https:\/\/multimediaytransmedia.uniandes.edu.co\/valeria-pina\/wp-json\/wp\/v2\/media?parent=187"}],"curies":[{"name":"wp","href":"https:\/\/api.w.org\/{rel}","templated":true}]}}