{"id":183,"date":"2021-11-29T16:18:22","date_gmt":"2021-11-29T21:18:22","guid":{"rendered":"https:\/\/multimediaytransmedia.uniandes.edu.co\/valeria-pina\/?page_id=183"},"modified":"2021-11-29T18:07:13","modified_gmt":"2021-11-29T23:07:13","slug":"dia-2-ahora-bueno-que-es-la-ansiedad","status":"publish","type":"page","link":"https:\/\/multimediaytransmedia.uniandes.edu.co\/valeria-pina\/dia-2-ahora-bueno-que-es-la-ansiedad\/","title":{"rendered":"D\u00eda 2: Ahora bueno&#8230; \u00bfQu\u00e9 es la Ansiedad?"},"content":{"rendered":"\n<p class=\"has-text-align-center has-large-font-size\">Ya que entendimos que NO era la ansiedad, es momento de conocer que S\u00cd es la ansiedad. En la siguiente imagen interactiva podr\u00e1n conocer qu\u00e9 es la ansiedad, cu\u00e1les son sus s\u00edntomas, algunas posibles causas y c\u00f3mo se diagn\u00f3stica. Solo sigue el orden de los botones.<\/p>\n\n\n\n<div class=\"wp-block-columns is-layout-flex wp-container-core-columns-is-layout-9d6595d7 wp-block-columns-is-layout-flex\">\n<div class=\"wp-block-column is-vertically-aligned-center is-layout-flow wp-block-column-is-layout-flow\">\n<iframe loading=\"lazy\" width=\"960\" height=\"672.0423467137186\" data-original-width=\"2267\" data-original-height=\"1587\" src=\"https:\/\/www.thinglink.com\/card\/1522011185442979842\" type=\"text\/html\" frameborder=\"0\" webkitallowfullscreen mozallowfullscreen allowfullscreen scrolling=\"no\"><\/iframe><script async src=\"\/\/cdn.thinglink.me\/jse\/responsive.js\"><\/script>\n<\/div>\n<\/div>\n","protected":false},"excerpt":{"rendered":"<p>Ya que entendimos que NO era la ansiedad, es momento de conocer que S\u00cd es la ansiedad. En la siguiente imagen interactiva podr\u00e1n conocer qu\u00e9 es la ansiedad, cu\u00e1les son sus s\u00edntomas, algunas posibles causas y c\u00f3mo se diagn\u00f3stica. Solo sigue el orden de los botones.<\/p>\n","protected":false},"author":3,"featured_media":0,"parent":0,"menu_order":0,"comment_status":"open","ping_status":"closed","template":"","meta":{"footnotes":""},"class_list":["post-183","page","type-page","status-publish","hentry","entry"],"_links":{"self":[{"href":"https:\/\/multimediaytransmedia.uniandes.edu.co\/valeria-pina\/wp-json\/wp\/v2\/pages\/183","targetHints":{"allow":["GET"]}}],"collection":[{"href":"https:\/\/multimediaytransmedia.uniandes.edu.co\/valeria-pina\/wp-json\/wp\/v2\/pages"}],"about":[{"href":"https:\/\/multimediaytransmedia.uniandes.edu.co\/valeria-pina\/wp-json\/wp\/v2\/types\/page"}],"author":[{"embeddable":true,"href":"https:\/\/multimediaytransmedia.uniandes.edu.co\/valeria-pina\/wp-json\/wp\/v2\/users\/3"}],"replies":[{"embeddable":true,"href":"https:\/\/multimediaytransmedia.uniandes.edu.co\/valeria-pina\/wp-json\/wp\/v2\/comments?post=183"}],"version-history":[{"count":2,"href":"https:\/\/multimediaytransmedia.uniandes.edu.co\/valeria-pina\/wp-json\/wp\/v2\/pages\/183\/revisions"}],"predecessor-version":[{"id":192,"href":"https:\/\/multimediaytransmedia.uniandes.edu.co\/valeria-pina\/wp-json\/wp\/v2\/pages\/183\/revisions\/192"}],"wp:attachment":[{"href":"https:\/\/multimediaytransmedia.uniandes.edu.co\/valeria-pina\/wp-json\/wp\/v2\/media?parent=183"}],"curies":[{"name":"wp","href":"https:\/\/api.w.org\/{rel}","templated":true}]}}