{"id":67,"date":"2021-11-04T10:39:35","date_gmt":"2021-11-04T15:39:35","guid":{"rendered":"https:\/\/multimediaytransmedia.uniandes.edu.co\/juan-esteban-perez\/?page_id=67"},"modified":"2021-12-01T01:38:16","modified_gmt":"2021-12-01T06:38:16","slug":"playlists","status":"publish","type":"page","link":"https:\/\/multimediaytransmedia.uniandes.edu.co\/juan-esteban-perez\/playlists\/","title":{"rendered":"PLAYLISTS"},"content":{"rendered":"\n<link href=\"https:\/\/cdn.knightlab.com\/libs\/soundcite\/latest\/css\/player.css\" rel=\"stylesheet\" type=\"text\/css\"><script type=\"text\/javascript\" src=\"https:\/\/cdn.knightlab.com\/libs\/soundcite\/latest\/js\/soundcite.min.js\"><\/script>\n\n\n\n<p class=\"has-text-align-center\" style=\"font-size:45px\">Mientras exploramos Bogot\u00e1 en carro&#8230;<\/p>\n\n\n\n<div class=\"wp-block-columns alignfull is-layout-flex wp-container-core-columns-is-layout-9d6595d7 wp-block-columns-is-layout-flex\">\n<div class=\"wp-block-column is-layout-flow wp-block-column-is-layout-flow\" style=\"flex-basis:66.66%\">\n<h1 class=\"alignfull has-text-color wp-block-heading\" style=\"color:#ff5757;font-size:80px\">\u00bf<strong>Qu\u00e9 mejor manera de hacerlo si no es con buena m\u00fasica<\/strong>? <\/h1>\n<\/div>\n\n\n\n<div class=\"wp-block-column is-vertically-aligned-center is-layout-flow wp-block-column-is-layout-flow\" style=\"flex-basis:33.33%\">\n<p style=\"text-align: right;\"><span style=\"font-size: x-large;\">Es la excusa perfecta para amar los d\u00edas soleados capitalinos acompa\u00f1ados de <strong><span class=\"soundcite\" style=\"color: #ff5757;\" data-url=\"https:\/\/multimediaytransmedia.uniandes.edu.co\/juan-esteban-perez\/wp-content\/uploads\/sites\/8\/2021\/11\/calathea.mp3\" data-start=\"0\" data-end=\"20000\" data-plays=\"1\">Ruth de las plantas<\/span><\/strong> o dejar que <strong><span class=\"soundcite\" style=\"color: #ff5757;\" data-url=\"https:\/\/multimediaytransmedia.uniandes.edu.co\/juan-esteban-perez\/wp-content\/uploads\/sites\/8\/2021\/11\/sink.mp3\" data-start=\"25000\" data-end=\"50000\" data-plays=\"1\">Feng Suave<\/span><\/strong> ambiente la noche mientras nos adentramos en la ciudad que nunca duerme.<\/span><\/p>\n<\/div>\n<\/div>\n\n\n\n<figure class=\"wp-block-embed is-type-rich is-provider-spotify wp-block-embed-spotify wp-embed-aspect-21-9 wp-has-aspect-ratio\"><div class=\"wp-block-embed__wrapper\">\n<iframe title=\"Spotify Embed: Top Colombia 2025\" style=\"border-radius: 12px\" width=\"100%\" height=\"352\" frameborder=\"0\" allowfullscreen allow=\"autoplay; clipboard-write; encrypted-media; fullscreen; picture-in-picture\" loading=\"lazy\" src=\"https:\/\/open.spotify.com\/embed\/playlist\/3lnMwmYF979bEedMa6WK38?si=aa3277249fec4936&#038;utm_source=oembed\"><\/iframe>\n<\/div><\/figure>\n\n\n\n<h2 class=\"has-text-align-right has-text-color wp-block-heading\" style=\"color:#ff5757;font-size:60px\">\u00bfQu\u00e9 hay pa&#8217; o\u00edr entonces?<\/h2>\n\n\n\n<p class=\"has-text-align-center has-large-font-size\">Ac\u00e1 algunos ejemplos de playlists para escuchar mientras manejamos por la capital en medio de alg\u00fan tranc\u00f3n <strong><span style=\"color:#ff5757\" class=\"has-inline-color\">(la situaci\u00f3n m\u00e1s habitual)<\/span><\/strong> o sencillamente mientras nos dirigimos a alg\u00fan plan.<\/p>\n\n\n\n<div class=\"wp-block-buttons is-content-justification-center is-layout-flex wp-block-buttons-is-layout-flex\">\n<div class=\"wp-block-button is-style-outline is-style-outline--1\"><a class=\"wp-block-button__link\" href=\"https:\/\/multimediaytransmedia.uniandes.edu.co\/juan-esteban-perez\/2021\/11\/04\/songs-to-excite-the-white-folk\/\">Songs to excite the white folk<\/a><\/div>\n\n\n\n<div class=\"wp-block-button is-style-outline is-style-outline--2\"><a class=\"wp-block-button__link\" href=\"https:\/\/multimediaytransmedia.uniandes.edu.co\/juan-esteban-perez\/2021\/11\/23\/prco\/\">\ud83c\uddf5\ud83c\uddf7\ud83c\udde8\ud83c\uddf4<\/a><\/div>\n\n\n\n<div class=\"wp-block-button is-style-outline is-style-outline--3\"><a class=\"wp-block-button__link\" href=\"https:\/\/multimediaytransmedia.uniandes.edu.co\/juan-esteban-perez\/2021\/11\/28\/canciones-que-les-gustan-a-las-mamas\/\">CANCIONES QUE LE GUSTAN A LAS MAM\u00c1S<\/a><\/div>\n<\/div>\n\n\n\n<p><\/p>\n","protected":false},"excerpt":{"rendered":"<p>Mientras exploramos Bogot\u00e1 en carro&#8230; \u00bfQu\u00e9 mejor manera de hacerlo si no es con buena m\u00fasica? Es la excusa perfecta<\/p>\n<p><a href=\"https:\/\/multimediaytransmedia.uniandes.edu.co\/juan-esteban-perez\/playlists\/\" class=\"more-link\">Seguir leyendo<span class=\"screen-reader-text\">PLAYLISTS<\/span><\/a><\/p>\n","protected":false},"author":8,"featured_media":0,"parent":0,"menu_order":0,"comment_status":"closed","ping_status":"closed","template":"","meta":{"footnotes":""},"class_list":["post-67","page","type-page","status-publish","hentry"],"_links":{"self":[{"href":"https:\/\/multimediaytransmedia.uniandes.edu.co\/juan-esteban-perez\/wp-json\/wp\/v2\/pages\/67","targetHints":{"allow":["GET"]}}],"collection":[{"href":"https:\/\/multimediaytransmedia.uniandes.edu.co\/juan-esteban-perez\/wp-json\/wp\/v2\/pages"}],"about":[{"href":"https:\/\/multimediaytransmedia.uniandes.edu.co\/juan-esteban-perez\/wp-json\/wp\/v2\/types\/page"}],"author":[{"embeddable":true,"href":"https:\/\/multimediaytransmedia.uniandes.edu.co\/juan-esteban-perez\/wp-json\/wp\/v2\/users\/8"}],"replies":[{"embeddable":true,"href":"https:\/\/multimediaytransmedia.uniandes.edu.co\/juan-esteban-perez\/wp-json\/wp\/v2\/comments?post=67"}],"version-history":[{"count":102,"href":"https:\/\/multimediaytransmedia.uniandes.edu.co\/juan-esteban-perez\/wp-json\/wp\/v2\/pages\/67\/revisions"}],"predecessor-version":[{"id":739,"href":"https:\/\/multimediaytransmedia.uniandes.edu.co\/juan-esteban-perez\/wp-json\/wp\/v2\/pages\/67\/revisions\/739"}],"wp:attachment":[{"href":"https:\/\/multimediaytransmedia.uniandes.edu.co\/juan-esteban-perez\/wp-json\/wp\/v2\/media?parent=67"}],"curies":[{"name":"wp","href":"https:\/\/api.w.org\/{rel}","templated":true}]}}